{"id":5035,"date":"2015-02-09T09:34:42","date_gmt":"2015-02-09T08:34:42","guid":{"rendered":"https:\/\/website.ifit.li\/?page_id=5035"},"modified":"2021-01-18T10:24:01","modified_gmt":"2021-01-18T09:24:01","slug":"brisantes","status":"publish","type":"page","link":"https:\/\/website.ifit.li\/?page_id=5035","title":{"rendered":"Brisantes"},"content":{"rendered":"<h2>Brisantes im iFIT Kirchenportal!<\/h2>\n<ul>\n<li>Protestwelle gegen Zwangs-Sexualisierung im Duden <a href=\"https:\/\/kath.net\/news\/74064\" target=\"_blank\" rel=\"noopener\">Hier<\/a>&#8230;<\/li>\n<li>Rettet die deutsche Sprache vor dem Duden <a href=\"https:\/\/vds-ev.de\/allgemein\/aufrufe\/rettet-die-deutsche-sprache-vor-dem-duden\/\" target=\"_blank\" rel=\"noopener\">Petition<\/a>&#8230;<\/li>\n<li>Gender auf dem Pr\u00fcfstand: Wie die Ideologie unsere Sprache verhunzt &#8211; Referat von Dr. Tomas Kubelik, Germanist und Gymnasiallehrer in der Talk- und Musiksendung von Radio Horeb am 14. Juni 2016. <a href=\"http:\/\/www.horeb.org\/xyz\/podcast\/talk\/20160614tm.mp3\" target=\"_blank\" rel=\"noopener\">Hier<\/a>&#8230; (Weitere Links siehe <a href=\"https:\/\/website.ifit.li\/?page_id=24\" target=\"_blank\" rel=\"noopener\">Linkothek<\/a> =&gt; Kategorie =&gt; Genderismus)<\/li>\n<li>Zu einigen Zweifeln \u00fcber den definitiven Charakter der Lehre von <a href=\"https:\/\/w2.vatican.va\/content\/john-paul-ii\/de\/apost_letters\/1994\/documents\/hf_jp-ii_apl_19940522_ordinatio-sacerdotalis.html\" target=\"_blank\" rel=\"noopener\">Ordinatio sacerdotalis<\/a> von Luis F. Ladaria, S.J., Pr\u00e4fekt der Kongregation f\u00fcr die Glaubenslehre. <a href=\"http:\/\/www.vatican.va\/roman_curia\/congregations\/cfaith\/ladaria-ferrer\/documents\/rc_con_cfaith_doc_20180529_caratteredefinitivo-ordinatiosacerdotalis_ge.html\" target=\"_blank\" rel=\"noopener\">Hier<\/a>&#8230;<\/li>\n<li><a id=\"link-706\" class=\"track_this_link \" title=\"Evolutionsbiologe Prof. Ulrich Kutschera sagt nach der Bundestagsentscheidung f\u00fcr die \u201eEhe f\u00fcr alle\u201c im KATH.NET-Interview: \u201eUnsere naiven Politiker benutzen Begriffe aus der Biologie, ohne zu wissen, was diese \u00fcberhaupt bedeuten.\u201c (Last updated Juli 5, 2017 10:55 am)\" href=\"http:\/\/kath.net\/news\/60177\" target=\"_blank\" rel=\"noopener noreferrer\">Ehe f\u00fcr alle? &#8218;Diese widersinnige Entscheidung \u00fcberrascht mich nicht&#8216;<\/a>, sagt Evolutionsbiologe Prof. Ulrich Kutschera nach der Bundestagsentscheidung f\u00fcr die \u201eEhe f\u00fcr alle\u201c im kath.net-Interview.<\/li>\n<li><a href=\"http:\/\/kath.net\/news\/57835\" target=\"_blank\" rel=\"noopener noreferrer\">&#8218;Gender-Ideologie widerspricht der Biologie des Menschen&#8216;<\/a>, sagt Evolutionsforscher und Physiologe Prof. Ulrich Kutschera. Weiter sagte er im kath.net-Interview: \u201eIch kann nicht akzeptieren, dass Erkenntnisse der Evolutionswissenschaften von selbsternannten \u201aGender-Forschern\u2018 ignoriert bzw. pervertiert werden.\u201c<\/li>\n<li>Wollen Sie eine tabellenartige \u00dcbersicht aller Katechesen 2016\/2017, die im Zusammenhang mit Thema \u00ab<span style=\"color: #ff0000;\"><strong>Christliche Hoffnung<\/strong><\/span>\u00bb\u00a0stehen, dann gehen Sie entweder zu \u00ab<a href=\"https:\/\/website.ifit.li\/?p=8094\" target=\"_blank\" rel=\"noopener noreferrer\">Katechesen von Papst Franziskus \u00fcber die christliche Hoffnung<\/a>\u00bb oder dynamisch im Men\u00fc oben zur \u00ab<a href=\"https:\/\/website.ifit.li\/?page_id=24\" target=\"_blank\" rel=\"noopener noreferrer\">Linkothek<\/a>\u00bb und w\u00e4hlen die Kategorie \u00abChristliche Hoffnung\u00bb (Drop-down-Liste). Hier geht&#8217;s zur <a href=\"https:\/\/website.ifit.li\/?page_id=24\" target=\"_blank\" rel=\"noopener noreferrer\">Linkothek&#8230;<\/a><\/li>\n<li>\u201eSelbstzerst\u00f6rung der Kirche\u201c Zweck der Zelebration oft unbekannt \u2013 Kardinal Sarah \u00fcbt scharfe Kritik an der nachkonziliaren Entwicklung. Von Regina Einig. Die Tagespost. <a href=\"http:\/\/www.die-tagespost.de\/politik\/bdquo-Selbstzerstoerung-der-Kirche-ldquo;art315,177467\" target=\"_blank\" rel=\"noopener noreferrer\">Hier&#8230;<\/a><\/li>\n<li>Liturgische Tagung \u201eDie Quelle der Zukunft\u201c. <a href=\"http:\/\/www.die-tagespost.de\/dossier\/art4507,177426\" target=\"_blank\" rel=\"noopener noreferrer\">Hier&#8230;<\/a><\/li>\n<li>Das <a href=\"https:\/\/website.ifit.li\/?tag=jahr-der-barmherzigkeit\" target=\"_blank\" rel=\"noopener\">Jahr der Barmherzigkeit<\/a> (siehe auch Schlagw\u00f6rterwolke) ist zu Ende. Wollen Sie eine tabellenartige \u00dcbersicht aller Blog-Artikel, die im Zusammenhang mit dem Heiligen Jahr der Barmherzigkeit 2015\/2016 stehen, dann gehen Sie entweder zu \u00ab<a href=\"https:\/\/website.ifit.li\/?p=8253\" target=\"_blank\" rel=\"noopener noreferrer\">Katechesen von Papst Franziskus im Jahr der Barmherzigkeit<\/a>\u00bb oder dynamisch im Men\u00fc oben zur \u00ab<a href=\"https:\/\/website.ifit.li\/?page_id=24\" target=\"_blank\" rel=\"noopener noreferrer\">Linkothek<\/a>\u00bb und w\u00e4hlen die Kategorie \u00abJahr der Barmherzigkeit\u00bb (Drop-down-Liste). Hier geht&#8217;s zur <a href=\"https:\/\/website.ifit.li\/?page_id=24\" target=\"_blank\" rel=\"noopener noreferrer\">Linkothek&#8230;<\/a><\/li>\n<li>Gespr\u00e4ch mit Kardinal Kurt Koch in Einsiedeln \u00fcber die Fl\u00fcchtlingsfrage und die Christenverfolgungen von heute: &#171;<a href=\"http:\/\/www.die-tagespost.de\/kirche-aktuell\/Ein-schwaches-Europa-waere-durch-den-Islam-ueberfordert;art312,169883\" target=\"_blank\" rel=\"noopener noreferrer\">Ein schwaches Europa w\u00e4re durch den Islam \u00fcberfordert<\/a>&#171;, <a href=\"http:\/\/www.die-tagespost.de\/\" target=\"_blank\" rel=\"noopener noreferrer\">Die Tagespost<\/a><\/li>\n<li><span style=\"color: #663300;\"><a href=\"https:\/\/website.ifit.li\/wp-content\/uploads\/2016\/04\/Nachsynodales-apostolisches-Schreiben-AMORIS-LAETITIA-von-Papst-Franziskus-vom-19.-M\u00e4rz-2016.pdf\" target=\"_blank\" rel=\"noopener\">Nachsynodales apostolisches Schreiben AMORIS LAETITIA von Papst Franziskus vom 19. M\u00e4rz 2016<\/a><\/span><\/li>\n<li>CNA EXKLUSIV: &#171;Es sind Agenten des Teufels&#187;: Bischof Hinder \u00fcber den Anschlag von Aden. <a href=\"http:\/\/de.catholicnewsagency.com\/story\/es-sind-agenten-des-teufels-bischof-hinder-uber-den-anschlag-von-aden-0569\" target=\"_blank\" rel=\"noopener noreferrer\">Hier&#8230;<\/a><\/li>\n<li>Die Sensation von Kuba Im Wortlaut von Radio Vatikan: Die gemeinsame Erkl\u00e4rung von Franziskus und Kyrill. <a href=\"http:\/\/de.radiovaticana.va\/news\/2016\/02\/12\/im_wortlaut_gemeinsame_erkl%C3%A4rung_von_franziskus_und_kyrill\/1208118\" target=\"_blank\" rel=\"noopener noreferrer\">Hier&#8230;<\/a><\/li>\n<li><span style=\"color: #ff0000;\"><strong>Jetzt bitte nicht wegschauen:<\/strong><\/span> Im <a href=\"http:\/\/www.watson.ch\/Darknet\" target=\"_blank\" rel=\"noopener noreferrer\">Darknet<\/a> floriert der Handel mit gef\u00e4hrlichen Sicherheitsl\u00fccken f\u00fcr Handys und PCs.\u00a0Sieben krasse Zahlen und Fakten. <a href=\"http:\/\/www.watson.ch\/!673685102?utm_medium=earned&amp;utm_source=app&amp;utm_rainbowunicorn=0&amp;utm_campaign=share-tracking\" target=\"_blank\" rel=\"noopener noreferrer\">Hier&#8230;<\/a>\u00a0Wie funktioniert das Darknet? <a href=\"http:\/\/www.pcwelt.de\/ratgeber\/Das_Deep_Web_-_der_Hinterhof_des_Internets-Jenseits_des_Lauschangriffs-8240602.html\" target=\"_blank\" rel=\"noopener noreferrer\">Hier&#8230;<\/a><\/li>\n<li>Symposium \u00bbGender und Sexualp\u00e4dagogik auf dem Pr\u00fcfstand der Wissenschaften\u00ab <a href=\"https:\/\/genderundsexualpaedagogik.wordpress.com\/\" target=\"_blank\" rel=\"noopener noreferrer\">Hier&#8230;<\/a><\/li>\n<li>Gespr\u00e4ch \u00fcber &#171;Europa kennt seine Wurzeln nicht mehr&#187;, \u00a0das kath.net mit dem Pr\u00e4sidenten des P\u00e4pstlichen Rats zur F\u00f6rderung der Einheit der Christen, Kurt Kardinal Koch, gef\u00fchrt hat. <a href=\"http:\/\/kath.net\/news\/53287\" target=\"_blank\" rel=\"noopener noreferrer\">Hier&#8230;<\/a><\/li>\n<li>&#171;Achtzig Prozent aller Menschen, die heute wegen ihres Glaubens verfolgt werden und unter Diskriminierungen, schwerwiegenden Benachteiligungen und zum Teil heftigen Anfeindungen leiden m\u00fcssen, sind Christen &#8230;&#187; Ein lesenswerter Vortrag unseres ehrw\u00fcrdigen Kardinals Kurt Koch. <a href=\"http:\/\/www.kath.net\/news\/52974\" target=\"_blank\" rel=\"noopener noreferrer\">Hier&#8230;<\/a><\/li>\n<li>Jubil\u00e4um der Barmherzigkeit: Anmeldung gilt Veranstaltungen mit besonderem Besucherandrang. <a href=\"http:\/\/www.im.va\/content\/gdm\/de.html\" target=\"_blank\" rel=\"noopener noreferrer\">Hier&#8230;<\/a><\/li>\n<li>Schweizer Bischofskonferenz: Ein Hirtenbrief an die Priester,\u00a0Diakone und Seelsorger. <a href=\"http:\/\/www.bischoefe.ch\/dokumente\/botschaften\/das-miteinander-in-der-feier-der-eucharistie\" target=\"_blank\" rel=\"noopener noreferrer\">Hier&#8230;<\/a> Und: Ein Hirtenschreiben f\u00fcr die Seelsorgerinnen und Seelsorger (Begleitbrief) <a href=\"http:\/\/www.bischoefe.ch\/dokumente\/botschaften\/begleitbrief-zum-hirtenschreiben-das-miteinander-von-priestern-diakonen-und-laienseelsorger-innenin-der-feier-der-eucharistie\" target=\"_blank\" rel=\"noopener noreferrer\">Hier&#8230;<\/a><\/li>\n<\/ul>\n","protected":false},"excerpt":{"rendered":"<p>Brisantes im iFIT Kirchenportal! Protestwelle gegen Zwangs-Sexualisierung im Duden Hier&#8230; Rettet die deutsche Sprache vor dem Duden Petition&#8230; Gender auf dem Pr\u00fcfstand: Wie die Ideologie unsere Sprache verhunzt &#8211; Referat von Dr. Tomas Kubelik, Germanist und Gymnasiallehrer in der Talk- und Musiksendung von Radio Horeb am 14. Juni 2016. Hier&#8230; (Weitere Links siehe Linkothek =&gt; &hellip; <a href=\"https:\/\/website.ifit.li\/?page_id=5035\" class=\"more-link\"><span class=\"screen-reader-text\">Brisantes<\/span> weiterlesen <span class=\"meta-nav\">&rarr;<\/span><\/a><\/p>\n","protected":false},"author":1,"featured_media":5381,"parent":0,"menu_order":1,"comment_status":"closed","ping_status":"closed","template":"","meta":{"footnotes":""},"class_list":["post-5035","page","type-page","status-publish","has-post-thumbnail","hentry"],"_links":{"self":[{"href":"https:\/\/website.ifit.li\/index.php?rest_route=\/wp\/v2\/pages\/5035","targetHints":{"allow":["GET"]}}],"collection":[{"href":"https:\/\/website.ifit.li\/index.php?rest_route=\/wp\/v2\/pages"}],"about":[{"href":"https:\/\/website.ifit.li\/index.php?rest_route=\/wp\/v2\/types\/page"}],"author":[{"embeddable":true,"href":"https:\/\/website.ifit.li\/index.php?rest_route=\/wp\/v2\/users\/1"}],"replies":[{"embeddable":true,"href":"https:\/\/website.ifit.li\/index.php?rest_route=%2Fwp%2Fv2%2Fcomments&post=5035"}],"version-history":[{"count":79,"href":"https:\/\/website.ifit.li\/index.php?rest_route=\/wp\/v2\/pages\/5035\/revisions"}],"predecessor-version":[{"id":37628,"href":"https:\/\/website.ifit.li\/index.php?rest_route=\/wp\/v2\/pages\/5035\/revisions\/37628"}],"wp:featuredmedia":[{"embeddable":true,"href":"https:\/\/website.ifit.li\/index.php?rest_route=\/wp\/v2\/media\/5381"}],"wp:attachment":[{"href":"https:\/\/website.ifit.li\/index.php?rest_route=%2Fwp%2Fv2%2Fmedia&parent=5035"}],"curies":[{"name":"wp","href":"https:\/\/api.w.org\/{rel}","templated":true}]}}

<h2>Brisantes im iFIT Kirchenportal!</h2>
<ul>
<li>Protestwelle gegen Zwangs-Sexualisierung im Duden <a href="https://kath.net/news/74064" target="_blank" rel="noopener">Hier</a>&#8230;</li>
<li>Rettet die deutsche Sprache vor dem Duden <a href="https://vds-ev.de/allgemein/aufrufe/rettet-die-deutsche-sprache-vor-dem-duden/" target="_blank" rel="noopener">Petition</a>&#8230;</li>
<li>Gender auf dem Prüfstand: Wie die Ideologie unsere Sprache verhunzt &#8211; Referat von Dr. Tomas Kubelik, Germanist und Gymnasiallehrer in der Talk- und Musiksendung von Radio Horeb am 14. Juni 2016. <a href="http://www.horeb.org/xyz/podcast/talk/20160614tm.mp3" target="_blank" rel="noopener">Hier</a>&#8230; (Weitere Links siehe <a href="https://website.ifit.li/?page_id=24" target="_blank" rel="noopener">Linkothek</a> =&gt; Kategorie =&gt; Genderismus)</li>
<li>Zu einigen Zweifeln über den definitiven Charakter der Lehre von <a href="https://w2.vatican.va/content/john-paul-ii/de/apost_letters/1994/documents/hf_jp-ii_apl_19940522_ordinatio-sacerdotalis.html" target="_blank" rel="noopener">Ordinatio sacerdotalis</a> von Luis F. Ladaria, S.J., Präfekt der Kongregation für die Glaubenslehre. <a href="http://www.vatican.va/roman_curia/congregations/cfaith/ladaria-ferrer/documents/rc_con_cfaith_doc_20180529_caratteredefinitivo-ordinatiosacerdotalis_ge.html" target="_blank" rel="noopener">Hier</a>&#8230;</li>
<li><a id="link-706" class="track_this_link " title="Evolutionsbiologe Prof. Ulrich Kutschera sagt nach der Bundestagsentscheidung für die „Ehe für alle“ im KATH.NET-Interview: „Unsere naiven Politiker benutzen Begriffe aus der Biologie, ohne zu wissen, was diese überhaupt bedeuten.“ (Last updated Juli 5, 2017 10:55 am)" href="http://kath.net/news/60177" target="_blank" rel="noopener noreferrer">Ehe für alle? &#8218;Diese widersinnige Entscheidung überrascht mich nicht&#8216;</a>, sagt Evolutionsbiologe Prof. Ulrich Kutschera nach der Bundestagsentscheidung für die „Ehe für alle“ im kath.net-Interview.</li>
<li><a href="http://kath.net/news/57835" target="_blank" rel="noopener noreferrer">&#8218;Gender-Ideologie widerspricht der Biologie des Menschen&#8216;</a>, sagt Evolutionsforscher und Physiologe Prof. Ulrich Kutschera. Weiter sagte er im kath.net-Interview: „Ich kann nicht akzeptieren, dass Erkenntnisse der Evolutionswissenschaften von selbsternannten ‚Gender-Forschern‘ ignoriert bzw. pervertiert werden.“</li>
<li>Wollen Sie eine tabellenartige Übersicht aller Katechesen 2016/2017, die im Zusammenhang mit Thema «<span style="color: #ff0000;"><strong>Christliche Hoffnung</strong></span>» stehen, dann gehen Sie entweder zu «<a href="https://website.ifit.li/?p=8094" target="_blank" rel="noopener noreferrer">Katechesen von Papst Franziskus über die christliche Hoffnung</a>» oder dynamisch im Menü oben zur «<a href="https://website.ifit.li/?page_id=24" target="_blank" rel="noopener noreferrer">Linkothek</a>» und wählen die Kategorie «Christliche Hoffnung» (Drop-down-Liste). Hier geht&#8217;s zur <a href="https://website.ifit.li/?page_id=24" target="_blank" rel="noopener noreferrer">Linkothek&#8230;</a></li>
<li>„Selbstzerstörung der Kirche“ Zweck der Zelebration oft unbekannt – Kardinal Sarah übt scharfe Kritik an der nachkonziliaren Entwicklung. Von Regina Einig. Die Tagespost. <a href="http://www.die-tagespost.de/politik/bdquo-Selbstzerstoerung-der-Kirche-ldquo;art315,177467" target="_blank" rel="noopener noreferrer">Hier&#8230;</a></li>
<li>Liturgische Tagung „Die Quelle der Zukunft“. <a href="http://www.die-tagespost.de/dossier/art4507,177426" target="_blank" rel="noopener noreferrer">Hier&#8230;</a></li>
<li>Das <a href="https://website.ifit.li/?tag=jahr-der-barmherzigkeit" target="_blank" rel="noopener">Jahr der Barmherzigkeit</a> (siehe auch Schlagwörterwolke) ist zu Ende. Wollen Sie eine tabellenartige Übersicht aller Blog-Artikel, die im Zusammenhang mit dem Heiligen Jahr der Barmherzigkeit 2015/2016 stehen, dann gehen Sie entweder zu «<a href="https://website.ifit.li/?p=8253" target="_blank" rel="noopener noreferrer">Katechesen von Papst Franziskus im Jahr der Barmherzigkeit</a>» oder dynamisch im Menü oben zur «<a href="https://website.ifit.li/?page_id=24" target="_blank" rel="noopener noreferrer">Linkothek</a>» und wählen die Kategorie «Jahr der Barmherzigkeit» (Drop-down-Liste). Hier geht&#8217;s zur <a href="https://website.ifit.li/?page_id=24" target="_blank" rel="noopener noreferrer">Linkothek&#8230;</a></li>
<li>Gespräch mit Kardinal Kurt Koch in Einsiedeln über die Flüchtlingsfrage und die Christenverfolgungen von heute: &#171;<a href="http://www.die-tagespost.de/kirche-aktuell/Ein-schwaches-Europa-waere-durch-den-Islam-ueberfordert;art312,169883" target="_blank" rel="noopener noreferrer">Ein schwaches Europa wäre durch den Islam überfordert</a>&#171;, <a href="http://www.die-tagespost.de/" target="_blank" rel="noopener noreferrer">Die Tagespost</a></li>
<li><span style="color: #663300;"><a href="https://website.ifit.li/wp-content/uploads/2016/04/Nachsynodales-apostolisches-Schreiben-AMORIS-LAETITIA-von-Papst-Franziskus-vom-19.-März-2016.pdf" target="_blank" rel="noopener">Nachsynodales apostolisches Schreiben AMORIS LAETITIA von Papst Franziskus vom 19. März 2016</a></span></li>
<li>CNA EXKLUSIV: &#171;Es sind Agenten des Teufels&#187;: Bischof Hinder über den Anschlag von Aden. <a href="http://de.catholicnewsagency.com/story/es-sind-agenten-des-teufels-bischof-hinder-uber-den-anschlag-von-aden-0569" target="_blank" rel="noopener noreferrer">Hier&#8230;</a></li>
<li>Die Sensation von Kuba Im Wortlaut von Radio Vatikan: Die gemeinsame Erklärung von Franziskus und Kyrill. <a href="http://de.radiovaticana.va/news/2016/02/12/im_wortlaut_gemeinsame_erkl%C3%A4rung_von_franziskus_und_kyrill/1208118" target="_blank" rel="noopener noreferrer">Hier&#8230;</a></li>
<li><span style="color: #ff0000;"><strong>Jetzt bitte nicht wegschauen:</strong></span> Im <a href="http://www.watson.ch/Darknet" target="_blank" rel="noopener noreferrer">Darknet</a> floriert der Handel mit gefährlichen Sicherheitslücken für Handys und PCs. Sieben krasse Zahlen und Fakten. <a href="http://www.watson.ch/!673685102?utm_medium=earned&amp;utm_source=app&amp;utm_rainbowunicorn=0&amp;utm_campaign=share-tracking" target="_blank" rel="noopener noreferrer">Hier&#8230;</a> Wie funktioniert das Darknet? <a href="http://www.pcwelt.de/ratgeber/Das_Deep_Web_-_der_Hinterhof_des_Internets-Jenseits_des_Lauschangriffs-8240602.html" target="_blank" rel="noopener noreferrer">Hier&#8230;</a></li>
<li>Symposium »Gender und Sexualpädagogik auf dem Prüfstand der Wissenschaften« <a href="https://genderundsexualpaedagogik.wordpress.com/" target="_blank" rel="noopener noreferrer">Hier&#8230;</a></li>
<li>Gespräch über &#171;Europa kennt seine Wurzeln nicht mehr&#187;,  das kath.net mit dem Präsidenten des Päpstlichen Rats zur Förderung der Einheit der Christen, Kurt Kardinal Koch, geführt hat. <a href="http://kath.net/news/53287" target="_blank" rel="noopener noreferrer">Hier&#8230;</a></li>
<li>&#171;Achtzig Prozent aller Menschen, die heute wegen ihres Glaubens verfolgt werden und unter Diskriminierungen, schwerwiegenden Benachteiligungen und zum Teil heftigen Anfeindungen leiden müssen, sind Christen &#8230;&#187; Ein lesenswerter Vortrag unseres ehrwürdigen Kardinals Kurt Koch. <a href="http://www.kath.net/news/52974" target="_blank" rel="noopener noreferrer">Hier&#8230;</a></li>
<li>Jubiläum der Barmherzigkeit: Anmeldung gilt Veranstaltungen mit besonderem Besucherandrang. <a href="http://www.im.va/content/gdm/de.html" target="_blank" rel="noopener noreferrer">Hier&#8230;</a></li>
<li>Schweizer Bischofskonferenz: Ein Hirtenbrief an die Priester, Diakone und Seelsorger. <a href="http://www.bischoefe.ch/dokumente/botschaften/das-miteinander-in-der-feier-der-eucharistie" target="_blank" rel="noopener noreferrer">Hier&#8230;</a> Und: Ein Hirtenschreiben für die Seelsorgerinnen und Seelsorger (Begleitbrief) <a href="http://www.bischoefe.ch/dokumente/botschaften/begleitbrief-zum-hirtenschreiben-das-miteinander-von-priestern-diakonen-und-laienseelsorger-innenin-der-feier-der-eucharistie" target="_blank" rel="noopener noreferrer">Hier&#8230;</a></li>
</ul>

<p>Brisantes im iFIT Kirchenportal! Protestwelle gegen Zwangs-Sexualisierung im Duden Hier&#8230; Rettet die deutsche Sprache vor dem Duden Petition&#8230; Gender auf dem Prüfstand: Wie die Ideologie unsere Sprache verhunzt &#8211; Referat von Dr. Tomas Kubelik, Germanist und Gymnasiallehrer in der Talk- und Musiksendung von Radio Horeb am 14. Juni 2016. Hier&#8230; (Weitere Links siehe Linkothek =&gt; &hellip; <a href="https://website.ifit.li/?page_id=5035" class="more-link"><span class="screen-reader-text">Brisantes</span> weiterlesen <span class="meta-nav">&rarr;</span></a></p>
