{"id":6048,"date":"2015-10-23T15:29:39","date_gmt":"2015-10-23T13:29:39","guid":{"rendered":"https:\/\/www.ifit.ch:443\/wordpress\/wp-content\/uploads\/2015\/10\/Kardinal-Kurt-Koch.jpg"},"modified":"2016-01-22T14:55:42","modified_gmt":"2016-01-22T13:55:42","slug":"kardinal-kurt-koch","status":"inherit","type":"attachment","link":"https:\/\/website.ifit.li\/?attachment_id=6048","title":{"rendered":"Kardinal Kurt Koch"},"author":1,"featured_media":0,"comment_status":"open","ping_status":"closed","template":"","meta":[],"class_list":["post-6048","attachment","type-attachment","status-inherit","hentry"],"description":{"rendered":"<p class=\"attachment\"><a href='https:\/\/ml2mintiuscj.i.optimole.com\/w:auto\/h:auto\/q:mauto\/f:best\/https:\/\/website.ifit.li\/wp-content\/uploads\/2015\/10\/Kardinal-Kurt-Koch.jpg'><img data-opt-id=1909345562  fetchpriority=\"high\" decoding=\"async\" width=\"245\" height=\"300\" src=\"https:\/\/ml2mintiuscj.i.optimole.com\/w:245\/h:300\/q:mauto\/f:best\/https:\/\/website.ifit.li\/wp-content\/uploads\/2015\/10\/Kardinal-Kurt-Koch.jpg\" class=\"attachment-medium size-medium\" alt=\"\" srcset=\"https:\/\/ml2mintiuscj.i.optimole.com\/w:245\/h:300\/q:mauto\/f:best\/https:\/\/website.ifit.li\/wp-content\/uploads\/2015\/10\/Kardinal-Kurt-Koch.jpg 245w, https:\/\/ml2mintiuscj.i.optimole.com\/w:836\/h:1024\/q:mauto\/f:best\/https:\/\/website.ifit.li\/wp-content\/uploads\/2015\/10\/Kardinal-Kurt-Koch.jpg 836w, https:\/\/ml2mintiuscj.i.optimole.com\/w:881\/h:1080\/q:mauto\/f:best\/https:\/\/website.ifit.li\/wp-content\/uploads\/2015\/10\/Kardinal-Kurt-Koch.jpg 1803w\" sizes=\"(max-width: 245px) 100vw, 245px\" \/><\/a><\/p>\n<p>Kurt Kardinal Koch ist Pr\u00e4sident des P\u00e4pstlichen Rates zur F\u00f6rderung der Einheit der Christen<\/p>\n"},"caption":{"rendered":"<p>Kurt Kardinal Koch ist Pr\u00e4sident des P\u00e4pstlichen Rates zur F\u00f6rderung der Einheit der Christen<\/p>\n"},"alt_text":"","media_type":"image","mime_type":"image\/jpeg","media_details":{"width":1803,"height":2208,"file":"2015\/10\/Kardinal-Kurt-Koch.jpg","sizes":{"thumbnail":{"file":"Kardinal-Kurt-Koch-150x150.jpg","width":150,"height":150,"mime_type":"image\/jpeg","source_url":"https:\/\/ml2mintiuscj.i.optimole.com\/w:150\/h:150\/q:mauto\/rt:fill\/g:ce\/f:best\/https:\/\/website.ifit.li\/wp-content\/uploads\/2015\/10\/Kardinal-Kurt-Koch.jpg"},"medium":{"file":"Kardinal-Kurt-Koch-245x300.jpg","width":245,"height":300,"mime_type":"image\/jpeg","source_url":"https:\/\/ml2mintiuscj.i.optimole.com\/w:245\/h:300\/q:mauto\/f:best\/https:\/\/website.ifit.li\/wp-content\/uploads\/2015\/10\/Kardinal-Kurt-Koch.jpg"},"large":{"file":"Kardinal-Kurt-Koch-836x1024.jpg","width":836,"height":1024,"mime_type":"image\/jpeg","source_url":"https:\/\/ml2mintiuscj.i.optimole.com\/w:836\/h:1024\/q:mauto\/f:best\/https:\/\/website.ifit.li\/wp-content\/uploads\/2015\/10\/Kardinal-Kurt-Koch.jpg"},"post-thumbnail":{"file":"Kardinal-Kurt-Koch-672x372.jpg","width":672,"height":372,"mime_type":"image\/jpeg","source_url":"https:\/\/ml2mintiuscj.i.optimole.com\/w:672\/h:372\/q:mauto\/rt:fill\/g:ce\/f:best\/https:\/\/website.ifit.li\/wp-content\/uploads\/2015\/10\/Kardinal-Kurt-Koch.jpg"},"twentyfourteen-full-width":{"file":"Kardinal-Kurt-Koch-1038x576.jpg","width":1038,"height":576,"mime_type":"image\/jpeg","source_url":"https:\/\/ml2mintiuscj.i.optimole.com\/w:1038\/h:576\/q:mauto\/rt:fill\/g:ce\/f:best\/https:\/\/website.ifit.li\/wp-content\/uploads\/2015\/10\/Kardinal-Kurt-Koch.jpg"},"full":{"file":"Kardinal-Kurt-Koch.jpg","width":1803,"height":2208,"mime_type":"image\/jpeg","source_url":"https:\/\/ml2mintiuscj.i.optimole.com\/w:auto\/h:auto\/q:mauto\/f:best\/https:\/\/website.ifit.li\/wp-content\/uploads\/2015\/10\/Kardinal-Kurt-Koch.jpg"}},"image_meta":{"aperture":0,"credit":"","camera":"","caption":"","created_timestamp":0,"copyright":"","focal_length":0,"iso":0,"shutter_speed":0,"title":"","orientation":0}},"post":6042,"source_url":"https:\/\/ml2mintiuscj.i.optimole.com\/w:auto\/h:auto\/q:mauto\/f:best\/https:\/\/website.ifit.li\/wp-content\/uploads\/2015\/10\/Kardinal-Kurt-Koch.jpg","_links":{"self":[{"href":"https:\/\/website.ifit.li\/index.php?rest_route=\/wp\/v2\/media\/6048","targetHints":{"allow":["GET"]}}],"collection":[{"href":"https:\/\/website.ifit.li\/index.php?rest_route=\/wp\/v2\/media"}],"about":[{"href":"https:\/\/website.ifit.li\/index.php?rest_route=\/wp\/v2\/types\/attachment"}],"author":[{"embeddable":true,"href":"https:\/\/website.ifit.li\/index.php?rest_route=\/wp\/v2\/users\/1"}],"replies":[{"embeddable":true,"href":"https:\/\/website.ifit.li\/index.php?rest_route=%2Fwp%2Fv2%2Fcomments&post=6048"}],"wp:attached-to":[{"embeddable":true,"post_type":"post","id":6042,"href":"https:\/\/website.ifit.li\/index.php?rest_route=\/wp\/v2\/posts\/6042"}],"curies":[{"name":"wp","href":"https:\/\/api.w.org\/{rel}","templated":true}]}}

<p class="attachment"><a href='https://ml2mintiuscj.i.optimole.com/w:auto/h:auto/q:mauto/f:best/https://website.ifit.li/wp-content/uploads/2015/10/Kardinal-Kurt-Koch.jpg'><img data-opt-id=1909345562  fetchpriority="high" decoding="async" width="245" height="300" src="https://ml2mintiuscj.i.optimole.com/w:245/h:300/q:mauto/f:best/https://website.ifit.li/wp-content/uploads/2015/10/Kardinal-Kurt-Koch.jpg" class="attachment-medium size-medium" alt="" srcset="https://ml2mintiuscj.i.optimole.com/w:245/h:300/q:mauto/f:best/https://website.ifit.li/wp-content/uploads/2015/10/Kardinal-Kurt-Koch.jpg 245w, https://ml2mintiuscj.i.optimole.com/w:836/h:1024/q:mauto/f:best/https://website.ifit.li/wp-content/uploads/2015/10/Kardinal-Kurt-Koch.jpg 836w, https://ml2mintiuscj.i.optimole.com/w:881/h:1080/q:mauto/f:best/https://website.ifit.li/wp-content/uploads/2015/10/Kardinal-Kurt-Koch.jpg 1803w" sizes="(max-width: 245px) 100vw, 245px" /></a></p>
<p>Kurt Kardinal Koch ist Präsident des Päpstlichen Rates zur Förderung der Einheit der Christen</p>

<p>Kurt Kardinal Koch ist Präsident des Päpstlichen Rates zur Förderung der Einheit der Christen</p>
