{"id":4737,"date":"2015-01-28T18:30:09","date_gmt":"2015-01-28T17:30:09","guid":{"rendered":"https:\/\/ml2mintiuscj.i.optimole.com\/w:auto\/h:auto\/q:mauto\/f:best\/https:\/\/website.ifit.li\/wp-content\/uploads\/2015\/01\/Papst-Benedikt-XVI.-300-dpi.jpg"},"modified":"2017-06-16T10:31:25","modified_gmt":"2017-06-16T08:31:25","slug":"papst-benedikt-xvi-300-dpi","status":"inherit","type":"attachment","link":"https:\/\/website.ifit.li\/?attachment_id=4737","title":{"rendered":"Em. Papst Benedikt XVI."},"author":1,"featured_media":0,"comment_status":"open","ping_status":"open","template":"","meta":[],"class_list":["post-4737","attachment","type-attachment","status-inherit","hentry"],"description":{"rendered":"<p class=\"attachment\"><a href='https:\/\/ml2mintiuscj.i.optimole.com\/w:auto\/h:auto\/q:mauto\/f:best\/https:\/\/website.ifit.li\/wp-content\/uploads\/2015\/01\/Papst-Benedikt-XVI.-300-dpi-e1449153974846.jpg'><img data-opt-id=723583984  fetchpriority=\"high\" decoding=\"async\" width=\"150\" height=\"232\" src=\"https:\/\/ml2mintiuscj.i.optimole.com\/w:auto\/h:auto\/q:mauto\/f:best\/https:\/\/website.ifit.li\/wp-content\/uploads\/2015\/01\/Papst-Benedikt-XVI.-300-dpi-e1449153974846.jpg\" class=\"attachment-medium size-medium\" alt=\"Em. Papst Benedikt XVI.\" \/><\/a><\/p>\n<p>Mutter Mary Angelica erhielt den Orden Pro Ecclesia et Pontifice von Papst Benedikt XVI. in Anerkennung ihres treuen, au\u00dferordentlichen Dienstes f\u00fcr die r\u00f6misch-katholische Kirche<\/p>\n"},"caption":{"rendered":"<p>Benedikt XVI. Anno domini 2005<\/p>\n"},"alt_text":"Em. Papst Benedikt XVI.","media_type":"image","mime_type":"image\/jpeg","media_details":{"width":150,"height":232,"file":"2015\/01\/Papst-Benedikt-XVI.-300-dpi-e1449153974846.jpg","sizes":{"large-feature":{"file":"Papst-Benedikt-XVI.-300-dpi-792x288.jpg","width":792,"height":288,"mime_type":"image\/jpeg","source_url":"https:\/\/ml2mintiuscj.i.optimole.com\/w:792\/h:288\/q:mauto\/f:best\/https:\/\/website.ifit.li\/wp-content\/uploads\/2015\/01\/Papst-Benedikt-XVI.-300-dpi.jpg"},"small-feature":{"file":"Papst-Benedikt-XVI.-300-dpi-194x300.jpg","width":194,"height":300,"mime_type":"image\/jpeg","source_url":"https:\/\/ml2mintiuscj.i.optimole.com\/w:194\/h:300\/q:mauto\/f:best\/https:\/\/website.ifit.li\/wp-content\/uploads\/2015\/01\/Papst-Benedikt-XVI.-300-dpi.jpg"},"full":{"file":"Papst-Benedikt-XVI.-300-dpi-e1449153974846.jpg","width":150,"height":232,"mime_type":"image\/jpeg","source_url":"https:\/\/ml2mintiuscj.i.optimole.com\/w:auto\/h:auto\/q:mauto\/f:best\/https:\/\/website.ifit.li\/wp-content\/uploads\/2015\/01\/Papst-Benedikt-XVI.-300-dpi-e1449153974846.jpg"}},"image_meta":{"aperture":0,"credit":"","camera":"HP ojp7700","caption":"","created_timestamp":0,"copyright":"","focal_length":0,"iso":0,"shutter_speed":0,"title":"","orientation":0}},"post":2298,"source_url":"https:\/\/ml2mintiuscj.i.optimole.com\/w:auto\/h:auto\/q:mauto\/f:best\/https:\/\/website.ifit.li\/wp-content\/uploads\/2015\/01\/Papst-Benedikt-XVI.-300-dpi-e1449153974846.jpg","_links":{"self":[{"href":"https:\/\/website.ifit.li\/index.php?rest_route=\/wp\/v2\/media\/4737","targetHints":{"allow":["GET"]}}],"collection":[{"href":"https:\/\/website.ifit.li\/index.php?rest_route=\/wp\/v2\/media"}],"about":[{"href":"https:\/\/website.ifit.li\/index.php?rest_route=\/wp\/v2\/types\/attachment"}],"author":[{"embeddable":true,"href":"https:\/\/website.ifit.li\/index.php?rest_route=\/wp\/v2\/users\/1"}],"replies":[{"embeddable":true,"href":"https:\/\/website.ifit.li\/index.php?rest_route=%2Fwp%2Fv2%2Fcomments&post=4737"}],"wp:attached-to":[{"embeddable":true,"post_type":"post","id":2298,"href":"https:\/\/website.ifit.li\/index.php?rest_route=\/wp\/v2\/posts\/2298"}],"curies":[{"name":"wp","href":"https:\/\/api.w.org\/{rel}","templated":true}]}}

<p class="attachment"><a href='https://ml2mintiuscj.i.optimole.com/w:auto/h:auto/q:mauto/f:best/https://website.ifit.li/wp-content/uploads/2015/01/Papst-Benedikt-XVI.-300-dpi-e1449153974846.jpg'><img data-opt-id=723583984  fetchpriority="high" decoding="async" width="150" height="232" src="https://ml2mintiuscj.i.optimole.com/w:auto/h:auto/q:mauto/f:best/https://website.ifit.li/wp-content/uploads/2015/01/Papst-Benedikt-XVI.-300-dpi-e1449153974846.jpg" class="attachment-medium size-medium" alt="Em. Papst Benedikt XVI." /></a></p>
<p>Mutter Mary Angelica erhielt den Orden Pro Ecclesia et Pontifice von Papst Benedikt XVI. in Anerkennung ihres treuen, außerordentlichen Dienstes für die römisch-katholische Kirche</p>
